ors of 688.
2, 43
What are the prime factors of 2391?
3, 797
What are the prime factors of 4887?
3, 181
What are the prime factors of 29304?
2, 3, 11, 37
List the prime factors of 4708.
2, 11, 107
List the prime factors of 1989.
3, 13, 17
What are the prime factors of 8983?
13, 691
List the prime factors of 813.
3, 271
List the prime factors of 29145.
3, 5, 29, 67
What are the prime factors of 680?
2, 5, 17
List the prime factors of 3973.
29, 137
List the prime factors of 2616.
2, 3, 109
List the prime factors of 3350.
2, 5, 67
List the prime factors of 31003.
7, 43, 103
What are the prime factors of 2112?
2, 3, 11
What are the prime factors of 1374?
2, 3, 229
List the prime factors of 287.
7, 41
What are the prime factors of 2091?
3, 17, 41
List the prime factors of 8345.
5, 1669
What are the prime factors of 154298?
2, 179, 431
What are the prime factors of 6756?
2, 3, 563
List the prime factors of 511.
7, 73
List the prime factors of 1876.
2, 7, 67
List the prime factors of 315.
3, 5, 7
List the prime factors of 30910.
2, 5, 11, 281
List the prime factors of 50824.
2, 6353
List the prime factors of 91971.
3, 11, 929
List the prime factors of 222.
2, 3, 37
What are the prime factors of 2781?
3, 103
List the prime factors of 4000.
2, 5
List the prime factors of 584.
2, 73
What are the prime factors of 263?
263
What are the prime factors of 94072?
2, 11, 1069
What are the prime factors of 34629?
3, 7, 17, 97
What are the prime factors of 128896?
2, 19, 53
List the prime factors of 16152.
2, 3, 673
What are the prime factors of 2759?
31, 89
What are the prime factors of 7289?
37, 197
What are the prime factors of 3544?
2, 443
What are the prime factors of 1747?
1747
What are the prime factors of 1445?
5, 17
What are the prime factors of 37100?
2, 5, 7, 53
List the prime factors of 16017.
3, 19, 281
List the prime factors of 4583.
4583
List the prime factors of 11901.
3, 3967
List the prime factors of 21265.
5, 4253
List the prime factors of 1704.
2, 3, 71
List the prime factors of 815.
5, 163
What are the prime factors of 63?
3, 7
List the prime factors of 1787.
1787
What are the prime factors of 656?
2, 41
What are the prime factors of 79427?
79427
List the prime factors of 2740.
2, 5, 137
List the prime factors of 2406.
2, 3, 401
What are the prime factors of 5918?
2, 11, 269
What are the prime factors of 850?
2, 5, 17
List the prime factors of 20079.
3, 23, 97
List the prime factors of 7414.
2, 11, 337
List the prime factors of 1089.
3, 11
List the prime factors of 6770.
2, 5, 677
List the prime factors of 32496.
2, 3, 677
List the prime factors of 107526.
2, 3, 17921
List the prime factors of 4904.
2, 613
List the prime factors of 17464.
2, 37, 59
What are the prime factors of 59238?
2, 3, 1097
What are the prime factors of 21554?
2, 13, 829
What are the prime factors of 8164?
2, 13, 157
List the prime factors of 3177.
3, 353
List the prime factors of 57929.
53, 1093
What are the prime factors of 38136?
2, 3, 7, 227
List the prime factors of 5316.
2, 3, 443
List the prime factors of 365.
5, 73
What are the prime factors of 2884?
2, 7, 103
List the prime factors of 505.
5, 101
List the prime factors of 20166.
2, 3, 3361
List the prime factors of 1994.
2, 997
What are the prime factors of 26874?
2, 3, 1493
List the prime factors of 13754.
2, 13, 23
List the prime factors of 1027.
13, 79
List the prime factors of 4833.
3, 179
List the prime factors of 2413.
19, 127
What are the prime factors of 1300?
2, 5, 13
List the prime factors of 13592.
2, 1699
What are the prime factors of 77197?
17, 19, 239
List the prime factors of 1081.
23, 47
What are the prime factors of 1362?
2, 3, 227
List the prime factors of 21260.
2, 5, 1063
List the prime factors of 3020.
2, 5, 151
What are the prime factors of 3376?
2, 211
List the prime factors of 4230.
2, 3, 5, 47
List the prime factors of 400.
2, 5
What are the prime factors of 41639?
13, 3203
What are the prime factors of 24543?
3, 101
What are the prime factors of 80073?
3, 7, 31, 41
List the prime factors of 10031.
7, 1433
List the prime factors of 58338.
2, 3, 7, 463
List the prime factors of 28969.
59, 491
List the prime factors of 683.
683
What are the prime factors of 927?
3, 103
What are the prime factors of 1096?
2, 137
List the prime factors of 179985.
3, 5, 13, 71
List the prime factors of 7810.
2, 5, 11, 71
List the prime factors of 1836.
2, 3, 17
List the prime factors of 723.
3, 241
What are the prime factors of 133242?
2, 3, 53, 419
List the prime factors of 3985.
5, 797
What are the prime factors of 1345?
5, 269
What are the prime factors of 2031?
3, 677
What are the prime factors of 6441?
3, 19, 113
What are the prime factors of 209561?
11, 19051
What are the prime factors of 1422?
2, 3, 79
What are the prime factors of 9888?
2, 3, 103
List the prime factors of 27896.
2, 11, 317
What are the prime factors of 25975?
5, 1039
What are the prime factors of 1620?
2, 3, 5
What are the prime factors of 40604?
2, 10151
List the prime factors of 4061.
31, 131
List the prime factors of 154.
2, 7, 11
What are the prime factors of 26728?
2, 13, 257
List the prime factors of 2194.
2, 1097
List the prime factors of 5289.
3, 41, 43
What are the prime factors of 4796?
2, 11, 109
What are the prime factors of 2435?
5, 487
What are the prime factors of 10857?
3, 7, 11, 47
What are the prime factors of 3934?
2, 7, 281
What are the prime factors of 1031?
1031
List the prime factors of 16.
2
List the prime factors of 370.
2, 5, 37
What are the prime factors of 87164?
2, 7, 11, 283
What are the prime factors of 78?
2, 3, 13
What are the prime factors of 28690?
2, 5, 19, 151
List the prime factors of 5162.
2, 29, 89
What are the prime factors of 11434?
2, 5717
What are the prime factors of 5430?
2, 3, 5, 181
What are the prime factors of 5554?
2, 2777
What are the prime factors of 220?
2, 5, 11
What are the prime factors of 21715?
5, 43, 101
What are the prime factors of 245?
5, 7
What are the prime factors of 463?
463
What are the prime factors of 6261?
3, 2087
What are the prime factors of 2001?
3, 23, 29
What are the prime factors of 7796?
2, 1949
What are the prime factors of 40215?
3, 5, 7, 383
List the prime factors of 4906.
2, 11, 223
List the prime factors of 5489.
11, 499
What are the prime factors of 85162?
2, 7, 11, 79
What are the prime factors of 20261?
20261
What are the prime factors of 223?
223
What are the prime factors of 1330?
2, 5, 7, 19
What are the prime factors of 6083?
7, 11, 79
What are the prime factors of 16630?
2, 5, 1663
List the prime factors of 1473.
3, 491
What are the prime factors of 10472?
2, 7, 11, 17
What are the prime factors of 4443?
3, 1481
What are the prime factors of 787?
787
List the prime factors of 1075.
5, 43
What are the prime factors of 8851?
53, 167
What are the prime factors of 196?
2, 7
List the prime factors of 10633.
7, 31
List the prime factors of 2051.
7, 293
What are the prime factors of 36342?
2, 3, 673
List the prime factors of 17621.
67, 263
What are the prime factors of 50392?
2, 6299
List the prime factors of 9890.
2, 5, 23, 43
What are the prime factors of 3450?
2, 3, 5, 23
What are the prime factors of 4342?
2, 13, 167
What are the prime factors of 961?
31
List the prime factors of 11510.
2, 5, 1151
List the prime factors of 2330.
2, 5, 233
List the prime factors of 145769.
13, 11213
List the prime factors of 42994.
2, 7, 37, 83
What are the prime factors of 61?
61
List the prime factors of 1644.
2, 3, 137
List the prime factors of 15145.
5, 13, 233
What are the prime factors of 119824?
2, 7489
What are the prime factors of 1107?
3, 41
What are the prime factors of 564?
2, 3, 47
List the prime factors of 22462.
2, 11, 1021
List the prime factors of 250.
2, 5
List the prime factors of 24341.
101, 241
What are the prime factors of 27?
3
List the prime factors of 7319.
13, 563
List the prime factors of 2237.
2237
List the prime factors of 34481.
29, 41
What are the prime factors of 9974?
2, 4987
What are the prime factors of 1269?
3, 47
What are the prime factors of 15605?
5, 3121
What are the prime factors of 26534?
2, 13267
What are the prime factors of 1259?
1259
What are the prime factors of 2737?
7, 17, 23
What are the prime factors of 13025?